{"id":86,"date":"2017-04-04T10:59:20","date_gmt":"2017-04-04T10:59:20","guid":{"rendered":"http:\/\/www.chiba-karate.com\/?page_id=86"},"modified":"2017-05-30T07:29:28","modified_gmt":"2017-05-30T07:29:28","slug":"istoric","status":"publish","type":"page","link":"https:\/\/www.chiba-karate.ro\/index.php\/istoric\/","title":{"rendered":"Istoric"},"content":{"rendered":"<div style=\"text-align: justify; text-indent: 30px;\">Shotokan este un stil de Karate introdus de maestrul Gichin Funakoshi (1868-1957). Foarte r\u0103sp\u00e2ndit \u00een lume, Shotokan se traduce prin &#8220;\u0218coala lui Shoto&#8221;, dup\u0103 porecla (Shoto) sub care era cunoscut maestrul Funakoshi, dar exist\u0103 \u0219i alte interpret\u0103ri cum ar fi &#8220;\u0218coala bradului \u0219i a valului&#8221;, aici prin bradul mereu verde simboliz\u00e2nd ve\u0219nica tinere\u021be a concep\u021biilor \u0219i ne\u00eencetata lor \u00eennoire iar prin val, munca necurmat\u0103 care trebuie depus\u0103 pentru a putea \u00eensu\u0219i aceste principii, munc\u0103 asemenea valurilor care lovesc ne\u00eencetat \u021b\u0103rmul. Acest stil pune accentul pe pozi\u021biile ad\u00e2nci \u0219i lungi, pe tehnicile eficace \u00een lupta de la distan\u021b\u0103 \u0219i pe dezvoltarea vitezei. Tehnicile de m\u00e2ini \u0219i cele de picior apar \u00een propor\u021bii egale.<img decoding=\"async\" loading=\"lazy\" class=\"alignnone size-medium wp-image-170\" style=\"float: left; margin: 10px;\" src=\"https:\/\/www.chiba-karate.ro\/wp-content\/uploads\/2017\/04\/fd9ca2c487d68adeda4d5cd85d125cea-212x300.jpg\" alt=\"\" width=\"212\" height=\"300\" srcset=\"https:\/\/www.chiba-karate.ro\/wp-content\/uploads\/2017\/04\/fd9ca2c487d68adeda4d5cd85d125cea-212x300.jpg 212w, https:\/\/www.chiba-karate.ro\/wp-content\/uploads\/2017\/04\/fd9ca2c487d68adeda4d5cd85d125cea-768x1086.jpg 768w, https:\/\/www.chiba-karate.ro\/wp-content\/uploads\/2017\/04\/fd9ca2c487d68adeda4d5cd85d125cea-724x1024.jpg 724w\" sizes=\"(max-width: 212px) 100vw, 212px\" \/><\/div>\n<div style=\"text-align: justify; text-indent: 30px;\">Exist\u0103 numeroase kata, cum ar fi: Taikyoku, Heian, Tekki, Bassai, Kanku, Empi, Jion, Jitte etc., acestea fiind importate din Okinawa \u0219i modificate de maestrul Funakoshi, at\u00e2t \u00een privin\u021ba unor tehnici, c\u00e2t \u0219i a denumirilor ini\u021bial cu rezonan\u021be chineze\u0219ti, dar apoi japonizate. Stilul Shotokan este popular \u00een Japonia, mai ales \u00een regiunea capitalei. Numeroase universit\u0103\u021bi au \u00een programul lor de studiu acest stil (Waseda, Takushoku, Keio etc). Acest stil este primul care a fost predat \u00een Japonia \u00een anul 1922 \u0219i primul care s-a r\u0103sp\u00e2ndit prin intermediul instructorilor japonezi \u00een Europa \u0219i America, apoi \u00een toat\u0103 lumea, fiind \u0219i ast\u0103zi cel mai cunoscut stil de karate.<\/div>\n<div style=\"text-align: justify; text-indent: 30px;\">\u00cen cadrul Shotokan-ului s-au dezvoltat dou\u0103 ramuri distincte dup\u0103 moartea lui Gichin Funakoshi. Astfel, Shotokai-ul condus de maestrul Shigeru Egami (1912-1981) care a urmat cel mai strict metoda maestrului s\u0103u Gichin Funakoshi, \u00een vremea c\u0103ruia a fost unul din cei mai de seam\u0103 instructori ai \u0219colii. \u00cen 1957, la moartea maestrului, devine instructor principal al Shotokan-ului, Egami fond\u00e2nd gruparea Shotokai, care refuz\u0103 orice form\u0103 de competi\u021bie. Cu timpul, acest stil a devenit tot mai \u00eenchis, chiar cu o tent\u0103 mistic\u0103, c\u0103ut\u00e2ndu-se atingerea unei trepte superioare a capacit\u0103\u021bilor mentale prin exersarea aprofundat\u0103 a kata-urilor, percepte filozofice stricte, chiar studii \u00een direc\u021bia comunic\u0103rii telepatice pentru controlul asupra adversarului. \u00cen prezent aceast\u0103 ramur\u0103 este pu\u021bin reprezentat\u0103, la moartea lui Egami \u00een 1981 conducerea \u0219colii fiind preluat\u0103 de elevul s\u0103u Oshima Tsutomu.<\/div>\n<div style=\"text-align: justify; text-indent: 30px;\">Ramura principal\u0103 a Shotokan-ului a fost cea grupat\u0103 \u00een jurul mae\u0219trilor Masatoshi Nakayama, Hidetaka Nishiyama \u0219i Taiji Kase, care au fondat Asocia\u021bia Japonez\u0103 de Karate (J.K.A.) cu scopul r\u0103sp\u00e2ndirii karate-ului \u00een lume ca form\u0103 sportiv\u0103. Instructorul principal al J.K.A., Masatoshi Nakayama (1913-1987) a \u00eenceput, copil fiind, studiul artelor mar\u021biale; era descendentul unei vechi familii de samurai \u0219i din 1932 a fost elevul maestrului Funakoshi. Al\u0103turi de Hidetaka Nishiyama, a pus bazele conceptului sportiv \u00een karate, elabor\u00e2nd primele reguli de competi\u021bie \u0219i atr\u0103g\u00e2nd \u00een J.K.A. numero\u0219i mae\u0219tri tineri ai Shotokan-ului, de\u0219i ace\u0219tia s-au lovit de \u00eempotrivirea f\u0103\u021bi\u0219\u0103 a genera\u021biei mai vechi. Aceast\u0103 genera\u021bie nou\u0103 de instructori a ob\u021binut cur\u00e2nd mari succese \u00een competi\u021bii \u0219i a activat puternic pentru r\u0103sp\u00e2ndirea Shotokan-ului \u00een lume, J.K.A. devenind prima organiza\u021bie de karate renumit\u0103 \u00een \u00eentreaga lume.<\/div>\n<div style=\"text-align: justify; text-indent: 30px;\">Cei mai cunoscu\u021bi instructori ai Shotokan-ului sunt: Masatoshi Nakayama, Hidetaka Nishiyama, Taiji Kase, Hirokazu Kanazawa, Keinosuke Enoeda, Teruyuki Okazaki, Hiroshi Soji, Norihiko Iida, Hideo Ochi, Masaru Miura, Miazaki Satoshi \u0219i Masahiko Tanaka.<\/div>\n<div style=\"text-align: right;\">Sursa Wikipedia<\/div>\n<h3>Istoric Chiba karate<\/h3>\n<div id='gallery-1' class='gallery galleryid-86 gallery-columns-3 gallery-size-colormag-featured-image'><figure class='gallery-item'>\n\t\t\t<div class='gallery-icon landscape'>\n\t\t\t\t<a href='https:\/\/www.chiba-karate.ro\/index.php\/istoric\/img-20170317-wa0004\/'><img width=\"800\" height=\"445\" src=\"https:\/\/www.chiba-karate.ro\/wp-content\/uploads\/2017\/04\/IMG-20170317-WA0004-800x445.jpg\" class=\"attachment-colormag-featured-image size-colormag-featured-image\" alt=\"\" decoding=\"async\" aria-describedby=\"gallery-1-223\" loading=\"lazy\" \/><\/a>\n\t\t\t<\/div>\n\t\t\t\t<figcaption class='wp-caption-text gallery-caption' id='gallery-1-223'>\n\t\t\t\tImpreuna cu Sensei Ungureanu si Mihai Iochen printre altii\n\t\t\t\t<\/figcaption><\/figure><figure class='gallery-item'>\n\t\t\t<div class='gallery-icon landscape'>\n\t\t\t\t<a href='https:\/\/www.chiba-karate.ro\/index.php\/istoric\/img-20170317-wa0008-2\/'><img width=\"800\" height=\"445\" src=\"https:\/\/www.chiba-karate.ro\/wp-content\/uploads\/2017\/04\/IMG-20170317-WA0008-e1496129186931-800x445.jpg\" class=\"attachment-colormag-featured-image size-colormag-featured-image\" alt=\"\" decoding=\"async\" aria-describedby=\"gallery-1-224\" loading=\"lazy\" \/><\/a>\n\t\t\t<\/div>\n\t\t\t\t<figcaption class='wp-caption-text gallery-caption' id='gallery-1-224'>\n\t\t\t\tDin epoca de aur\n\t\t\t\t<\/figcaption><\/figure><figure class='gallery-item'>\n\t\t\t<div class='gallery-icon landscape'>\n\t\t\t\t<a href='https:\/\/www.chiba-karate.ro\/index.php\/istoric\/img-20170317-wa0001-2\/'><img width=\"800\" height=\"445\" src=\"https:\/\/www.chiba-karate.ro\/wp-content\/uploads\/2017\/04\/IMG-20170317-WA0001-e1496129178266-800x445.jpg\" class=\"attachment-colormag-featured-image size-colormag-featured-image\" alt=\"\" decoding=\"async\" aria-describedby=\"gallery-1-225\" loading=\"lazy\" \/><\/a>\n\t\t\t<\/div>\n\t\t\t\t<figcaption class='wp-caption-text gallery-caption' id='gallery-1-225'>\n\t\t\t\tSensei Cristian Matei si Hitoshi Kasuya\n\t\t\t\t<\/figcaption><\/figure><figure class='gallery-item'>\n\t\t\t<div class='gallery-icon landscape'>\n\t\t\t\t<a href='https:\/\/www.chiba-karate.ro\/index.php\/istoric\/img_1000-2\/'><img width=\"800\" height=\"445\" src=\"https:\/\/www.chiba-karate.ro\/wp-content\/uploads\/2017\/04\/IMG_1000-1-800x445.jpg\" class=\"attachment-colormag-featured-image size-colormag-featured-image\" alt=\"\" decoding=\"async\" aria-describedby=\"gallery-1-222\" loading=\"lazy\" \/><\/a>\n\t\t\t<\/div>\n\t\t\t\t<figcaption class='wp-caption-text gallery-caption' id='gallery-1-222'>\n\t\t\t\tSensei Cristian Matei impreuna cu Hitoshi Kasuya\n\t\t\t\t<\/figcaption><\/figure>\n\t\t<\/div>\n\n","protected":false},"excerpt":{"rendered":"<p>Shotokan este un stil de Karate introdus de maestrul Gichin Funakoshi (1868-1957). Foarte r\u0103sp\u00e2ndit \u00een lume, Shotokan se traduce prin<\/p>\n","protected":false},"author":1,"featured_media":170,"parent":0,"menu_order":2,"comment_status":"closed","ping_status":"closed","template":"","meta":{"footnotes":""},"_links":{"self":[{"href":"https:\/\/www.chiba-karate.ro\/index.php\/wp-json\/wp\/v2\/pages\/86"}],"collection":[{"href":"https:\/\/www.chiba-karate.ro\/index.php\/wp-json\/wp\/v2\/pages"}],"about":[{"href":"https:\/\/www.chiba-karate.ro\/index.php\/wp-json\/wp\/v2\/types\/page"}],"author":[{"embeddable":true,"href":"https:\/\/www.chiba-karate.ro\/index.php\/wp-json\/wp\/v2\/users\/1"}],"replies":[{"embeddable":true,"href":"https:\/\/www.chiba-karate.ro\/index.php\/wp-json\/wp\/v2\/comments?post=86"}],"version-history":[{"count":14,"href":"https:\/\/www.chiba-karate.ro\/index.php\/wp-json\/wp\/v2\/pages\/86\/revisions"}],"predecessor-version":[{"id":227,"href":"https:\/\/www.chiba-karate.ro\/index.php\/wp-json\/wp\/v2\/pages\/86\/revisions\/227"}],"wp:featuredmedia":[{"embeddable":true,"href":"https:\/\/www.chiba-karate.ro\/index.php\/wp-json\/wp\/v2\/media\/170"}],"wp:attachment":[{"href":"https:\/\/www.chiba-karate.ro\/index.php\/wp-json\/wp\/v2\/media?parent=86"}],"curies":[{"name":"wp","href":"https:\/\/api.w.org\/{rel}","templated":true}]}}